.
11001101000101001000
915350 (base 11) to base 3
2202202001220
What is 106406233 (base 7) in base 13?
147caab
-75189 (base 15) to base 14
-995d2
What is 205330342 (base 6) in base 8?
15636026
-4164635 (base 7) to base 13
-14823b
424823 (base 13) to base 10
1552463
Convert -26653687 (base 9) to base 14.
-1a62363
Convert -3b3353 (base 14) to base 3.
-10211220010120
-b10c3 (base 14) to base 9
-717587
Convert 9b576 (base 14) to base 11.
238289
116231 (base 9) to base 5
4221144
Convert 70074 (base 9) to base 5.
2432434
Convert -2187683 (base 9) to base 12.
-48ab03
-238643 (base 9) to base 5
-14103023
38da89 (base 15) to base 11
15a4694
Convert -7a019 (base 14) to base 6.
-10204035
What is 1260212 (base 7) in base 11?
103606
-10031033022 (base 4) to base 5
-240242134
531563 (base 7) to base 3
11200000122
8d190 (base 14) to base 16
53d1a
400136 (base 11) to base 3
1012201220100
Convert 4641325 (base 8) to base 15.
19e02d
Convert 1323031001 (base 4) to base 8.
1731501
What is -204231505 (base 6) in base 14?
-68b649
Convert -b632 (base 14) to base 16.
-7aac
What is -146a8 (base 11) in base 13?
-9619
What is -13442211 (base 5) in base 15?
-2b88b
11100011111111100010011 (base 2) to base 8
34377423
Convert -2304255 (base 6) to base 8.
-345553
Convert 45563 (base 13) to base 10.
126155
1154268 (base 10) to base 13
3154cb
-1053a39 (base 14) to base 3
-112112211010011
What is 130732 (base 9) in base 11?
54667
Convert 713ea (base 15) to base 16.
578f5
What is 6919a5 (base 12) in base 16?
19ad4d
-2d970e (base 15) to base 8
-10332107
Convert 13340145 (base 8) to base 10.
2998373
Convert -1302032201 (base 4) to base 9.
-782718
Convert bf296d (base 16) to base 4.
233302211231
What is 37319 (base 14) in base 11?
92529
What is -20102201202 (base 3) in base 7?
-1035146
Convert -71170 (base 14) to base 3.
-111211001020
Convert 6bb00 (base 15) to base 4.
1103310312
What is -efba8 (base 16) in base 13?
-284c2c
Convert 111221120110 (base 3) to base 6.
5514533
-23001130010 (base 4) to base 2
-1011000001011100000100
Convert 1754655 (base 9) to base 5.
222343131
Convert -9935091 (base 10) to base 6.
-552535443
61739 (base 12) to base 3
20110111000
Convert -150d6 (base 15) to base 16.
-10875
48549 (base 16) to base 8
1102511
Convert 113322234 (base 6) to base 2.
1000000111000010001110
Convert -11125010 (base 6) to base 9.
-564636
5b07a (base 14) to base 16
364a4
What is 104701 (base 15) in base 7?
6403606
-1120122021001 (base 3) to base 14
-17bbdb
What is -777245 (base 11) in base 15?
-1973a2
What is 10100222010100 (base 3) in base 7?
21135105
Convert -7ea8 (base 16) to base 8.
-77250
Convert -221011023211 (base 4) to base 14.
-1604873
-145464605 (base 7) to base 3
-200022100202202
10011111111101001110000 (base 2) to base 16
4ffa70
Convert 34457 (base 9) to base 12.
11367
26254302 (base 7) to base 3
11111221100100
What is 476255 (base 14) in base 2?
1001010011000000010011
What is 111021021 (base 3) in base 4?
2113021
-123003021 (base 4) to base 11
-76271
31340432 (base 5) to base 8
777550
Convert 221001022201222 (base 3) to base 15.
127e4be
1356134 (base 7) to base 10
182207
Convert -5218654 (base 9) to base 6.
-135432251
-2441301 (base 7) to base 5
-40000441
What is 297d27 (base 16) in base 6?
134140011
Convert 3266100 (base 7) to base 3.
202110220200
-2d25e7 (base 16) to base 14
-570407
What is -350513 (base 7) in base 8?
-172331
Convert 15354737 (base 9) to base 3.
112101211211021
What is -10211212222111 (base 3) in base 15?
-2a5d21
-1268832 (base 9) to base 12
-296532
What is -13112133 (base 5) in base 8?
-374023
133223023032 (base 4) to base 10
8303310
47257 (base 9) to base 12
16321
-780968 (base 10) to base 3
-1110200021202
What is -16a06b6 (base 15) in base 4?
-332301033312
-101034343 (base 5) to base 2
-1100011110010010011
-1236640 (base 7) to base 6
-3240354
What is 6344307 (base 9) in base 14?
645467
-33064350 (base 7) to base 14
-53cb60
What is -723006 (base 8) in base 7?
-2014054
What is 8a55 (base 16) in base 6?
431541
Convert -23414120 (base 5) to base 9.
-360332
Convert 139241 (base 10) to base 8.
417751
What is 3735070 (base 8) in base 7?
11521664
3016365 (base 7) to base 12
152b40
Convert 10764525 (base 9) to base 6.
304142422
What is -118098 (base 10) in base 14?
-31078
Convert 3799931 (base 10) to base 12.
133304b
-564566 (base 14) to base 15
-3cd992
What is -11011001101100100101 (base 2) in base 9?
-1608141
What is 8bc38 (base 13) in base 5?
31122410
What is 30542511 (base 6) in base 2?
11010111111100001011
What is -657584 (base 9) in base 4?
-1133313223
101120220101 (base 3) to base 13
73b37
What is 433625 (base 12) in base 3?
2000001000002
-134835 (base 9) to base 11
-56944
What is 2202122222220 (base 3) in base 10?
1469661
-7042055 (base 9) to base 11
-212a897
What is 11b5499 (base 12) in base 4?
31033231311
What is -21780a (base 16) in base 8?
-10274012
Convert -7668734 (base 9) to base 12.
-1468441
What is -5688269 (base 11) in base 8?
-45755714
What is 45420233 (base 6) in base 11?
867a2a
What is 758328 (base 11) in base 14?
237791
What is 13488a (base 11) in base 10?
211364
What is -3a825 (base 12) in base 5?
-10040134
What is 3142041334 (base 5) in base 7?
110032455
Convert -67307 (base 12) to base 9.
-227767
Convert -2263054 (base 9) to base 7.
-13251244
What is -444112301 (base 6) in base 5?
-4024100240
-1000234222 (base 5) to base 7
-22450366
-1b80a (base 16) to base 3
-12201112020
Convert -100654364 (base 7) to base 10.
-5879213
What is -43e9ae (base 15) in base 3?
-20002112211002
What is 11450433 (base 6) in base 15?
72e46
Convert 36799 (base 12) to base 7.
424605
What is -110111111011110010110 (base 2) in base 14?
-359d42
1011010001110001011011 (base 2) to base 4
23101301123
Convert 6d125 (base 15) to base 3.
122200012122
-23230310 (base 4) to base 3
-2102201222
What is 6477003 (base 8) in base 10?
1736195
Convert -217529 (base 16) to base 4.
-20113110221
2bb60a (base 12) to base 3
1101212211101
51203233 (base 6) to base 7
15301140
-45001 (base 13) to base 6
-2403434
What is -1727581 (base 9) in base 4?
-3223032133
Convert 10011111001101011101 (base 2) to base 5.
131332000
3366506 (base 8) to base 12
380232
-14cd13 (base 15) to base 16
-f5706
-111211102020101 (base 3) to base 15
-9a2b6a
Convert 220202122101 (base 3) to base 6.
14240401
Convert -573628 (base 10) to base 8.
-2140274
Convert 2000222120120 (base 3) to base 11.
67a12a
-972a (base 16) to base 13
-147ca
-32430013 (base 5) to base 11
-181413
Convert -12301121223 (base 4) to base 14.
-342d2b
What is -100110011100111011 (base 2) in base 15?
-319ee
302408 (base 9) to base 15
38042
Convert 121332345 (base 6) to base 9.
4316102
18e75d (base 16) to base 5
404211333
What is -12401032224 (base 5) in base 11?
-8678217
What is -d5600 (base 15) in base 5?
-133120400
254375 (base 8) to base 15
1b27c
What is 32002412 (base 5) in base 14?
6cd0a
Convert a253ab (base 14) to base 4.
110313111123
Convert -72e0f (base 16) to base 13.
-136238
64c82 (base 14) to base 6
5121202
Convert 79284 (base 11) to base 8.
340160
What is -111012202110 (base 3) in base 16?
-3f7ec
What is -3931b9 (base 14) in base 8?
-7403277
1888964 (base 10) to base 6
104253112
41268 (base 12) to base 6
1453412
Convert -29ab18 (base 13) to base 12.
-414365
Convert 1537328 (base 9) to base 14.
182589
Convert ba5ab (base 13) to base 6.
11120435
1b9487 (base 12) to base 8
1703147
Convert 100203311232 (base 4) to base 11.
24a5597
20010101221000 (base 3) to base 7
36446502
What is 11040230 (base 7) in base 9?
1708362
Convert -294213 (base 10) to base 8.
-1076505
Convert 1a2a80 (base 12) to base 14.
c00da
Convert -21131133 (base 4) to base 5.
-2220001
What is -119287 (base 10) in base 5?
-12304122
Convert -66477 (base 14) to base 7.
-2051410
Convert 90158 (base 12) to base 16.
2d9d4
Convert 116232 (base 8) to base 3.
2000222211
What is -f8fa (base 16) in base 8?
-174372
-4446144 (base 7) to base 5
-120041232
-164670 (base 9) to base 15
-202c0
-215b8 (base 15) to base 3
-12101022002
-1228912 (base 12) to base 13
-96c533
-5252778 (base 9) to base 15
-3a79be
2005033 (base 6) to base 13
33c87
What is 46400421 (base 8) in base 3?
200222202202001
-11300322 (base 5) to base 15
-208ac
Convert 4b3ff9 (base 16) to base 2.
10010110011111111